uppose 23 + j = u*f. What is the highest common factor of f and 170?
10
Let y = 2937 + -1108. Calculate the greatest common divisor of y and 124.
31
Let n(w) = 60*w - 318. Let g be n(9). Suppose 11*y + 134 = g. Calculate the highest common factor of 8 and y.
8
Let a(k) = -37*k + 18. Let x be a(-6). Suppose x = 4*m - 5*g, -4*g = 5*m - 67 - 192. Calculate the greatest common factor of m and 11.
11
Let s be (-174)/(-42) - (12/(-14) - -1). Let w(c) = c**3 - 4*c**2 + 2*c + 2. Let z be w(s). Calculate the highest common factor of z and 25.
5
Suppose 5*r - 1 = 2*b - 160, 4*b + 3*r = 279. What is the highest common factor of b and 14040?
72
Suppose -5*o - s + 56 = 0, 2*o + 3*o + 2*s - 52 = 0. Let u = 5 - 9. Let p = u + o. What is the highest common factor of p and 1?
1
Let x = -216 + 222. Let y(o) = 13*o - 8. Let w be y(2). Suppose -2*p + 2 = -w. What is the greatest common divisor of p and x?
2
Let i be (4/(-2))/(1/(36/(-24))). Suppose -i*m - 9*b + 398 = -4*b, -4*b - 8 = 0. Calculate the greatest common factor of m and 34.
34
Let f be 2*(-1 + 87/(-6)). Let y(v) = 82*v**2 - v + 2. Let a be y(2). Let w be a/11 - (f/(-11) + -3). Calculate the greatest common divisor of 12 and w.
6
Suppose -106*y + 101*y = -2550. Suppose 2*m - 3*i - 216 - 114 = 0, -3*m - 3*i + y = 0. What is the greatest common divisor of m and 126?
42
Suppose -10*t + 46 + 514 = 0. Let v(u) = 6*u**2 - 5*u - 3. Let j be v(-3). Let m = j - t. What is the greatest common divisor of m and 80?
10
Let l(b) = -b**3 - 5*b**2 + 7*b + 23. Let q be l(-6). Let n(c) = -c**2 + 9*c + 150. Let v be n(q). What is the greatest common factor of v and 70?
14
Let h be (-51)/(-9) - 16/24. Let v be h - 381*(-20)/15. Calculate the greatest common factor of v and 57.
57
Let a(l) = 326*l - 4356. Let q be a(14). Suppose 5*z - 910 = -130. Calculate the greatest common divisor of q and z.
52
Let h = -586 + 596. Suppose -142 + 432 = h*s. What is the greatest common factor of 29 and s?
29
Let f = -37453 + 37456. What is the greatest common divisor of 2463 and f?
3
Let c(i) = -25*i - 10. Let x be c(-2). Let o = x - 75. Let p = 83 + o. What is the highest common divisor of p and 6?
6
Suppose 2329 = 4*v + 312*q - 307*q, 3*v = -5*q + 1753. What is the greatest common divisor of 7776 and v?
288
Let p be ((-426)/10)/((-4240)/1400 - (-6)/2). Calculate the highest common divisor of 42 and p.
21
Let p = 1131 + -804. Calculate the highest common factor of p and 3.
3
Let d(c) = -21*c - 75. Let t be d(-15). Let v be (84/t*12)/(1/15). Calculate the greatest common divisor of v and 35.
7
Let k = 16561 - 16435. Suppose -24 - 46 = -s. Calculate the greatest common factor of k and s.
14
Let a(o) = 885*o + 7096. Let c be a(-8). What is the greatest common factor of c and 340?
4
Let j be (3336/15)/(62/155). What is the highest common factor of 973 and j?
139
Let o = -139 - -220. Suppose 222 - o = 5*a + 2*i, -37 = -a + 4*i. What is the highest common factor of a and 203?
29
Let o = 526 + -232. Suppose -35*t + o = -5691. What is the highest common divisor of t and 19?
19
Let d(h) = -2847*h + 382. Let q be d(-6). Calculate the highest common factor of 37 and q.
37
Let y be -8 + 9 + -8 + (31 - -4). Calculate the highest common divisor of 1022 and y.
14
Let l = -3168 - -3186. Calculate the highest common factor of 150 and l.
6
Suppose 0 = -97*b + 770 + 1946. What is the highest common divisor of b and 48?
4
Suppose -5*f = -6*f - 2. Let w be (f/4)/(3/(-6)). Let q(h) = 59*h**2 + 2*h - 1. Let t be q(w). What is the highest common factor of t and 40?
20
Suppose -3*q + 571 = -8*r + 3*r, 0 = 5*q + 3*r - 963. Let n = q + -178. What is the highest common factor of n and 49?
7
Suppose 0 = 4*z + 3*p - 567, -4*z + 401*p - 399*p + 582 = 0. What is the highest common factor of z and 2088?
72
Suppose 0 = 5*l - 4*g + 147, 0 = -2*l - 3*l - 5*g - 120. Suppose -6*z = -119 - 103. Let o = l + z. What is the greatest common factor of 10 and o?
10
Suppose v = 434 + 19. Suppose 141 = 2*m - v. Let p(q) = 3*q**2 + 68*q + 251. Let u be p(-4). What is the greatest common divisor of m and u?
27
Suppose 0*n = 21*n - 21735. Calculate the greatest common divisor of 115 and n.
115
Let c(z) = z**3 - 12*z**2 + 26*z - 24. Let i be c(8). Let r be (3 + (-37)/3)*i/7. What is the greatest common factor of r and 3?
3
Let y = 201 + -191. Suppose 0 = y*z - 1230 - 420. What is the greatest common factor of z and 99?
33
Let l be 54*7*(3 + (-5)/2). Let j = -134 + l. Let w = 143 - j. What is the highest common divisor of w and 11?
11
Let p be (8 - 497/63) + (-4228)/(-18). What is the greatest common factor of 1692 and p?
47
Let l be 6*(5/(-20))/(6/128). Let x = l + 262. Calculate the greatest common factor of 92 and x.
46
Let s(c) = c**3 - 6*c**2 - 25*c - 16. Let z be s(9). Suppose -3*j + 0*j + m = -347, -z*j = -5*m - 214. Calculate the greatest common factor of 13 and j.
13
Suppose -4*h = 3*a + h - 26, 2*a + 5*h = 24. Let j = a + 3. Let u(s) = 2*s**2 + 26*s + 77. Let c be u(-4). What is the greatest common divisor of j and c?
5
Suppose 2244 = 5*k - 113*t + 109*t, -3*k - 4*t + 1340 = 0. What is the highest common factor of k and 4984?
56
Let f = -8479 + 8480. Let v be 2 - 0 - (2 - 0). Let z = v + 2. Calculate the greatest common factor of f and z.
1
Suppose 11*r + 3529040 = 232*r + 27*r. Calculate the greatest common divisor of r and 10.
10
Let u(m) = m**3 + 25*m**2 + 69*m + 20. Let k be u(-22). Let c = 107 - k. What is the highest common divisor of 17 and c?
17
Let y(u) = 9*u - 6*u**2 + 1 - 5*u + 2*u**3 + 0*u - u**3. Let r be y(5). Let d be (-82)/r + 5/(-2). What is the highest common divisor of 72 and d?
18
Let t = -210 - -209. Let a be (816/119)/((2/(-7))/t). What is the highest common divisor of a and 504?
24
Let l be (-2*(-20)/6*-33)/((-8)/32). Calculate the greatest common factor of l and 80.
80
Let t = 256 + -24. Suppose -4*z - 60 = -4*u, 5*z + 33 = 4*u - 34. Calculate the highest common divisor of u and t.
8
Let h be (-9)/((-27)/84) + 4. Suppose 4*v = 4*d - 8, 4*d - 24 = -d - 2*v. Suppose -d*k - 619 = -1515. Calculate the greatest common divisor of h and k.
32
Suppose 20*g = 37*g - 3366. Let i = g - 291. Let s = i + 156. Calculate the highest common divisor of s and 7.
7
Let b be 122/((2 + 2*78/(-84))*14). Calculate the highest common divisor of 4819 and b.
61
Suppose -178 = -2*b - 5*s + 152, 0 = -4*b - 2*s + 628. What is the highest common divisor of b and 5?
5
Suppose 10*t - t - 45 = 0. Let f(g) = -3 + 18*g + t - 4 + 3. Let q be f(8). Calculate the highest common divisor of q and 29.
29
Let w(g) = g**3 - 13*g**2 - 15*g + 11. Let i be w(14). Let u(j) = -15*j - 8. Let d be u(i). Let o = d + -13. What is the greatest common divisor of o and 60?
12
Let k(t) = 41*t + 306. Let d be k(-6). Let x be 15*33/d + 2/(-8). Calculate the greatest common divisor of 14 and x.
2
Let t be 8/2 - (0 + 1)*1. Suppose -307 = -t*p - u + 175, -4*u - 632 = -4*p. Calculate the greatest common factor of 10 and p.
10
Suppose h + 3*x - 13 = 0, -5*h + 20 = -5*x - 185. Calculate the highest common factor of 54638 and h.
34
Suppose -4*n = 24, -17*z - 5405 = -28*z - 3*n. Calculate the greatest common divisor of 29 and z.
29
Let i be (3/(-3))/1 + -8. Suppose 5*q - n + 44 + 45 = 0, -5*q - 87 = -3*n. Let z = i - q. What is the greatest common factor of z and 3?
3
Let l be ((-40)/(-6))/(308/2447445). Calculate the greatest common divisor of l and 65.
65
Let a = -222 - -222. Suppose a = -2*w + 8 - 0. Calculate the highest common divisor of w and 42.
2
Let v(z) = -7*z**3 + 6*z - 5. Let o be v(1). Let i be (-536)/(-10) - o/15. Calculate the greatest common factor of 270 and i.
54
Suppose 0 = 2*i + 3*u - 884, -2*u - 448 = -444. Calculate the greatest common divisor of 1 and i.
1
Let u = 5 + 0. Let k be 6/(-12)*(-8)/1. Suppose 0 = 5*z + 5*q - 13 - 2, -2*q = -k*z + 6. What is the greatest common factor of u and z?
1
Suppose -t + 58 - 55 = 0. Suppose 0 = o + 1, 3*o + 73 + 8 = t*m. Calculate the greatest common factor of 104 and m.
26
Let h(y) = -73*y + 6. Let w be h(-3). Suppose -7*t + w = 197. Calculate the highest common divisor of t and 196.
4
Suppose -75*i + 101*i - 1456 = 0. What is the greatest common factor of i and 16?
8
Suppose 2*w = 4*w - 476. Let n(t) = -12*t + 794 - 381 - 379. Let y be n(0). What is the g